
What is the remainder when 215 is divided by 22?
17
What is the remainder when 251 is divided by 23?
21
Calculate the remainder when 136 is divided by 77.
59
Calculate the remainder when 410 is divided by 37.
3
What is the remainder when 361 is divided by 50?
11
What is the remainder when 149 is divided by 46?
11
What is the remainder when 388 is divided by 107?
67
What is the remainder when 499 is divided by 55?
4
Calculate the remainder when 137 is divided by 52.
33
Calculate the remainder when 120 is divided by 11.
10
Calculate the remainder when 241 is divided by 27.
25
Calculate the remainder when 824 is divided by 75.
74
Calculate the remainder when 338 is divided by 10.
8
Calculate the remainder when 5519 is divided by 21.
17
What is the remainder when 215 is divided by 95?
25
Calculate the remainder when 431 is divided by 7.
4
Calculate the remainder when 265 is divided by 38.
37
Calculate the remainder when 667 is divided by 323.
21
What is the remainder when 276 is divided by 95?
86
What is the remainder when 3145 is divided by 23?
17
Calculate the remainder when 16 is divided by 10.
6
Calculate the remainder when 19210 is divided by 183.
178
Calculate the remainder when 162 is divided by 4.
2
What is the remainder when 24 is divided by 19?
5
What is the remainder when 767 is divided by 22?
19
What is the remainder when 1189 is divided by 198?
1
What is the remainder when 207 is divided by 43?
35
Calculate the remainder when 320 is divided by 318.
2
What is the remainder when 111 is divided by 5?
1
What is the remainder when 6270 is divided by 98?
96
What is the remainder when 129 is divided by 4?
1
What is the remainder when 1036 is divided by 131?
119
What is the remainder when 248 is divided by 26?
14
What is the remainder when 5850 is divided by 44?
42
What is the remainder when 298 is divided by 6?
4
What is the remainder when 637 is divided by 8?
5
Calculate the remainder when 596 is divided by 1.
0
What is the remainder when 2177 is divided by 121?
120
What is the remainder when 494 is divided by 56?
46
What is the remainder when 1475 is divided by 491?
2
What is the remainder when 2274 is divided by 283?
10
Calculate the remainder when 265 is divided by 121.
23
Calculate the remainder when 91 is divided by 84.
7
What is the remainder when 72 is divided by 50?
22
What is the remainder when 835 is divided by 70?
65
Calculate the remainder when 4724 is divided by 175.
174
Calculate the remainder when 572 is divided by 72.
68
What is the remainder when 197 is divided by 63?
8
What is the remainder when 952 is divided by 293?
73
Calculate the remainder when 493 is divided by 104.
77
Calculate the remainder when 276 is divided by 100.
76
Calculate the remainder when 55 is divided by 52.
3
What is the remainder when 388 is divided by 379?
9
Calculate the remainder when 283 is divided by 22.
19
What is the remainder when 809 is divided by 7?
4
Calculate the remainder when 255 is divided by 92.
71
What is the remainder when 2507 is divided by 76?
75
What is the remainder when 141 is divided by 58?
25
Calculate the remainder when 1471 is divided by 92.
91
What is the remainder when 9215 is divided by 21?
17
Calculate the remainder when 84 is divided by 11.
7
Calculate the remainder when 105 is divided by 29.
18
Calculate the remainder when 144 is divided by 21.
18
What is the remainder when 1438 is divided by 11?
8
What is the remainder when 742 is divided by 92?
6
Calculate the remainder when 3471 is divided by 11.
6
Calculate the remainder when 150 is divided by 83.
67
What is the remainder when 2454 is divided by 63?
60
What is the remainder when 773 is divided by 21?
17
What is the remainder when 257 is divided by 6?
5
What is the remainder when 32 is divided by 9?
5
What is the remainder when 498 is divided by 176?
146
Calculate the remainder when 599 is divided by 9.
5
Calculate the remainder when 387 is divided by 14.
9
Calculate the remainder when 754 is divided by 261.
232
Calculate the remainder when 125 is divided by 62.
1
Calculate the remainder when 4054 is divided by 5.
4
Calculate the remainder when 15 is divided by 7.
1
Calculate the remainder when 275 is divided by 139.
136
What is the remainder when 728 is divided by 128?
88
Calculate the remainder when 255 is divided by 12.
3
What is the remainder when 668 is divided by 165?
8
Calculate the remainder when 668 is divided by 56.
52
Calculate the remainder when 748 is divided by 110.
88
Calculate the remainder when 2636 is divided by 190.
166
Calculate the remainder when 92 is divided by 4.
0
What is the remainder when 151 is divided by 28?
11
What is the remainder when 3882 is divided by 29?
25
Calculate the remainder when 959 is divided by 60.
59
What is the remainder when 2154 is divided by 247?
178
What is the remainder when 670 is divided by 318?
34
What is the remainder when 350 is divided by 10?
0
What is the remainder when 94 is divided by 48?
46
Calculate the remainder when 134 is divided by 92.
42
Calculate the remainder when 93 is divided by 51.
42
Calculate the remainder when 171 is divided by 84.
3
Calculate the remainder when 272 is divided by 5.
2
What is the remainder when 10097 is divided by 22?
21
Calculate the remainder when 36 is divided by 10.
6
Calculate the remainder when 46 is divided by 17.
12
Calculate the remainder when 6553 is divided by 34.
25
What is the remainder when 4696 is divided by 37?
34
Calculate the remainder when 719 is divided by 52.
43
Calculate the remainder when 64 is divided by 37.
27
Calculate the remainder when 336 is divided by 25.
11
Calculate the remainder when 221 is divided by 8.
5
Calculate the remainder when 379 is divided by 43.
35
What is the remainder when 7292 is divided by 3?
2
Calculate the remainder when 431 is divided by 110.
101
Calculate the remainder when 2225 is divided by 4.
1
What is the remainder when 2090 is divided by 51?
50
Calculate the remainder when 127 is divided by 71.
56
What is the remainder when 469 is divided by 78?
1
What is the remainder when 706 is divided by 141?
1
What is the remainder when 63 is divided by 2?
1
Calculate the remainder when 7904 is divided by 17.
16
What is the remainder when 982 is divided by 85?
47
What is the remainder when 111 is divided by 8?
7
What is the remainder when 279 is divided by 95?
89
Calculate the remainder when 306 is divided by 96.
18
Calculate the remainder when 279 is divided by 65.
19
Calculate the remainder when 1994 is divided by 105.
104
Calculate the remainder when 903 is divided by 239.
186
Calculate the remainder when 281 is divided by 19.
15
Calculate the remainder when 3189 is divided by 24.
21
What is the remainder when 11838 is divided by 320?
318
What is the remainder when 430 is divided by 383?
47
What is the remainder when 323 is divided by 15?
8
What is the remainder when 647 is divided by 160?
7
What is the remainder when 33 is divided by 31?
2
Calculate the remainder when 1449 is divided by 11.
8
Calculate the remainder when 58 is divided by 27.
4
Calculate the remainder when 364 is divided by 180.
4
Calculate the remainder when 229 is divided by 11.
9
What is the remainder when 796 is divided by 21?
19
What is the remainder when 155 is divided by 19?
3
What is the remainder when 956 is divided by 54?
38
What is the remainder when 2121 is divided by 118?
115
What is the remainder when 778 is divided by 65?
63
Calculate the remainder when 136 is divided by 43.
7
What is the remainder when 198 is divided by 35?
23
What is the remainder when 2836 is divided by 315?
1
What is the remainder when 171 is divided by 16?
11
Calculate the remainder when 2004 is divided by 111.
6
Calculate the remainder when 220 is divided by 111.
109
What is the remainder when 364 is divided by 180?
4
What is the remainder when 191 is divided by 10?
1
What is the remainder when 1497 is divided by 75?
72
Calculate the remainder when 33 is divided by 4.
1
Calculate the remainder when 344 is divided by 70.
64
Calculate the remainder when 1751 is divided by 526.
173
Calculate the remainder when 539 is divided by 199.
141
What is the remainder when 1338 is divided by 333?
6
Calculate the remainder when 508 is divided by 132.
112
Calculate the remainder when